True
Is 756 a multiple of 42?
True
Is 37478 a multiple of 61?
False
Is 12 a factor of 26040?
True
Is 10 a factor of 47?
False
Is 10 a factor of 348?
False
Does 10 divide 15470?
True
Is 2 a factor of 1022?
True
Is 1175 a multiple of 11?
False
Is 56 a factor of 63887?
False
Does 9 divide 36?
True
Is 4328 a multiple of 121?
False
Is 32192 a multiple of 16?
True
Is 4 a factor of 640?
True
Is 95 even?
False
Is 61 a factor of 2684?
True
Is 24726 a multiple of 78?
True
Does 40 divide 69000?
True
Is 7967 a multiple of 73?
False
Is 740 a multiple of 37?
True
Is 1656 a multiple of 9?
True
Does 16 divide 1410?
False
Is 94 a factor of 752?
True
Does 24 divide 16560?
True
Is 27 a factor of 810?
True
Does 4 divide 330?
False
Does 54 divide 28566?
True
Does 82 divide 145?
False
Is 29465 a multiple of 71?
True
Does 4 divide 4138?
False
Does 23 divide 114123?
False
Is 3911 a multiple of 268?
False
Is 77 a factor of 4081?
True
Does 14 divide 560?
True
Is 65 a factor of 1235?
True
Is 288 a multiple of 5?
False
Is 52 a factor of 312?
True
Is 8 a factor of 3720?
True
Is 12 a factor of 11920?
False
Is 210 a multiple of 13?
False
Is 885 a multiple of 5?
True
Is 8 a factor of 1600?
True
Does 4 divide 688?
True
Is 6480 a multiple of 40?
True
Does 8 divide 9024?
True
Is 219 even?
False
Is 18 a factor of 37064?
False
Is 916 a multiple of 39?
False
Is 4961 a multiple of 36?
False
Is 158 a multiple of 5?
False
Is 36 a factor of 2839?
False
Does 20 divide 1435?
False
Does 3 divide 1156?
False
Does 13 divide 13?
True
Is 72 a multiple of 4?
True
Does 8 divide 31509?
False
Is 46 a multiple of 23?
True
Is 17 a factor of 52921?
True
Is 4273 a multiple of 88?
False
Does 62 divide 10272?
False
Is 9 a factor of 925?
False
Is 3696 a multiple of 56?
True
Is 2850 a multiple of 10?
True
Is 16 a factor of 32?
True
Does 29 divide 3683?
True
Is 16 a factor of 109984?
True
Does 27 divide 6603?
False
Does 89 divide 4806?
True
Is 3404 a multiple of 11?
False
Is 10125 a multiple of 9?
True
Is 576 a multiple of 3?
True
Does 21 divide 8493?
False
Does 8 divide 129?
False
Is 460 a multiple of 4?
True
Is 8371 a multiple of 25?
False
Does 102 divide 918?
True
Is 78 a factor of 6786?
True
Is 14592 a multiple of 64?
True
Does 23 divide 5987?
False
Does 4 divide 4152?
True
Is 1218 a multiple of 37?
False
Is 1121 a multiple of 39?
False
Is 57 a factor of 1824?
True
Is 46 a factor of 23230?
True
Is 7467 a multiple of 46?
False
Is 3480 a multiple of 116?
True
Does 49 divide 1575?
False
Is 8 a factor of 324?
False
Is 33 a factor of 5049?
True
Is 879 a multiple of 8?
False
Is 53867 a multiple of 59?
True
Does 6 divide 295?
False
Is 9 a factor of 750?
False
Is 429 a multiple of 18?
False
Is 41838 a multiple of 57?
True
Does 43 divide 5461?
True
Does 85 divide 4335?
True
Does 21 divide 5880?
True
Is 49 a factor of 20343?
False
Is 33 a factor of 7194?
True
Is 6 a factor of 98?
False
Does 11 divide 638?
True
Does 35 divide 342?
False
Is 80 a factor of 30000?
True
Is 923 a multiple of 12?
False
Is 218 a multiple of 5?
False
Is 19 a factor of 1098?
False
Does 11 divide 19739?
False
Does 15 divide 5640?
True
Is 22 a factor of 1496?
True
Is 288 a multiple of 5?
False
Is 47 a factor of 248?
False
Is 12 a factor of 6876?
True
Is 13 a factor of 4072?
False
Does 20 divide 600?
True
Does 3 divide 278?
False
Does 199 divide 32843?
False
Is 9 a factor of 1381?
False
Is 1825 a multiple of 2?
False
Does 4 divide 624?
True
Is 6 a factor of 32873?
False
Is 123 a multiple of 32?
False
Does 9 divide 112?
False
Does 38 divide 2204?
True
Does 3 divide 572?
False
Is 18 a factor of 2736?
True
Does 16 divide 32512?
True
Is 10 a factor of 710?
True
Is 28 a factor of 60340?
True
Is 19242 a multiple of 18?
True
Is 1638 a multiple of 26?
True
Is 5056 a multiple of 14?
False
Does 72 divide 864?
True
Does 40 divide 595?
False
Is 50785 a multiple of 113?
False
Does 18 divide 108083?
False
Is 171 even?
False
Is 28 a factor of 11414?
False
Is 8 a factor of 922?
False
Does 131 divide 39169?
True
Is 48 a multiple of 7?
False
Does 4 divide 890?
False
Is 26 a factor of 11827?
False
Is 158 a factor of 51150?
False
Is 180 a multiple of 10?
True
Does 16 divide 192?
True
Does 4 divide 1120?
True
Is 50423 a multiple of 10?
False
Does 13 divide 988?
True
Is 5 a factor of 3882?
False
Is 62 a factor of 992?
True
Is 584 a multiple of 12?
False
Is 24 a multiple of 12?
True
Is 73 a multiple of 5?
False
Is 13 a factor of 7696?
True
Is 132 a multiple of 18?
False
Is 104 a factor of 97448?
True
Is 19 a factor of 355?
False
Is 70 a factor of 10780?
True
Does 97 divide 12440?
False
Is 22 a factor of 326?
False
Does 16 divide 3661?
False
Is 9 a factor of 337?
False
Is 10160 a multiple of 80?
True
Is 43 a factor of 9227?
False
Is 2669 a multiple of 75?
False
Does 7 divide 1006?
False
Does 15 divide 20374?
False
Does 9 divide 522?
True
Is 35 a factor of 7700?
True
Is 259 a multiple of 37?
True
Does 18 divide 2319?
False
Is 14 a factor of 476?
True
Does 87 divide 1573?
False
Does 62 divide 4849?
False
Is 7 a factor of 1420?
False
Is 2716 a multiple of 14?
True
Is 6712 a multiple of 8?
True
Is 1350 a multiple of 75?
True
Is 67 a factor of 13901?
False
Is 43 a factor of 1118?
True
Is 139 a factor of 10379?
False
Does 19 divide 693?
False
Does 3 divide 1189?
False
Is 25 a factor of 44425?
True
Is 29462 a multiple of 107?
False
Is 17 a factor of 66334?
True
Does 23 divide 161?
True
Is 154 a factor of 36036?
True
Does 137 divide 10137?
False
Is 11 a factor of 45543?
False
Is 57 a factor of 442?
False
Does 8 divide 12136?
True
Does 107 divide 4815?
True
Is 10 a factor of 5180?
True
Is 4 a factor of 584?
True
Is 3 a factor of 14810?
False
Is 185 a factor of 7429?
False
Is 15 a factor of 2083?
False
Is 1395 a multiple of 9?
True
Is 12 a factor of 2028?
True
Does 19 divide 57817?
True
Is 138699 a multiple of 297?
True
Is 18 a factor of 15271?
False
Is 21046 a multiple of 34?
True
Is 1555 a multiple of 69?
False
Is 8 a factor of 4896?
True
Is 5 a factor of 310?
True
Does 2 divide 3266?
True
Is 300 a multiple of 20?
True
Is 267 a multiple of 3?
True
Is 1494 a multiple of 13?
False
Is 378 a multiple of 56?
False
Is 52 a factor of 780?
True
Is 213 a multiple of 5?
False
Is 5 a factor of 731?
False
Is 2948 a multiple of 22?
True
Does 7 divide 2658?
False
Is 11 a factor of 55?
True
Is 17 a factor of 28435?
False
Is 23 a factor of 527?
False
Is 247 a multiple of 45?
False
Is 52 a factor of 837?
False
Is 2323 a multiple of 122?
False
Is 28 a factor of 38472?
True
Is 779 a multiple of 41?
True
Does 14 divide 392?
True
Does 14 divide 20788?
False
Is 7059 a multiple of 56?
False
Is 1122 a multiple of 51?
True
Is 48 a factor of 424?
False
Is 2362 a multiple of 17?
False
Is 6 a factor of 2425?
False
Is 1431 a multiple of 53?
True
Is 37 a factor of 21127?
True
Is 92 a factor of 7909?
False
Is 60 a factor of 1440?
True
Is 7728 a multiple of 33?
False
Is 2519 a multiple of 11?
True
Is 39 a factor of 132171?
True
Does 3 divide 1218?
True
Does 55 divide 2118?
False
Does 58 divide 51852?
True
Does 5 divide 210?
True
Is 26 a factor of 2014?
False
Is 104 a factor of 208?
True
Does 2 divide 506?
True
Does 97 divide 4462?
True
Is 7602 a multiple of 181?
True
Is 9 a factor of 844?
False
Is 91 a factor of 2558?
False
Does 31 divide 19598?
False
Is 1225 a multiple of 25?
True
Is 11 a factor of 253?
True
Does 14 divide 322?
True
Is 1456 a multiple of 26?
True
Does 78 divide 1180?
False
Is 15695 a multiple of 69?
False
Is 8 a factor of 12272?
True
Does 9 divide 216?
True
Does 17 divide 7257?
False
Does 10 divide 190?
True
Does 240 divide 50588?
False
Is 19 a factor of 1084?
False
Is 3024 a multiple of 2?
True
Is 29320 a multiple of 182?
False
Does 106 divide 55544?
True
Does 10 divide 480?
True
Is 56 a factor of 43920?
False
Is 25229 a multiple of 45?
False
Is 41 a factor of 5289?
True
Is 10 a factor of 2180?
True
Is 4002 a multiple of 6?
True
Is 9 a factor of 69066?
True
Is 7616 a multiple of 68?
True
Does 27 divide 65?
False
Does 15 divide 22216?
False
Is 1040 even?
True
Is 17 a factor of 1411?
True
Does 5 divide 270?
True
Is 2360 a multiple of 3?
False
Does 34 divide 1224?
True
Is 3212 a multiple of 33?
False
Is 486 a multiple of 39?
False
Is 18 a multiple of 9?
True
Does 108 divide 18360?
